 = -9*u - 4. What is the remainder when i(15) is divided by f(-4)?
31
Suppose -28*g + 24*g - 20 = 0, -5*f - g + 75 = 0. Calculate the remainder when 2/6 + 86/3 is divided by f.
13
Let h = 277 - 234. What is the remainder when h is divided by 13?
4
Suppose 0 = 5*a - 5*y - 19 - 26, -3*a + 9 = 3*y. Let g = -1 - -9. Calculate the remainder when a/(-10) - 2212/(-70) is divided by g.
7
Suppose -32 = -3*t + 43. Calculate the remainder when t is divided by 2 + (-1)/(1/(-11)).
12
Let x = 35 + -31. Suppose -x*l = l - 35. Calculate the remainder when 40 is divided by l.
5
Suppose 8*k - 32 = 224. What is the remainder when 222 is divided by k?
30
Let g(k) = -30*k - 177. Calculate the remainder when 131 is divided by g(-7).
32
Suppose 55 = -4*w + 247. Suppose -7*a = -29 - w. Suppose -b + a = -0*b. What is the remainder when 42 is divided by b?
9
Let w be (13/4)/(((-5)/12)/(-5)). Suppose 3*g - w = 249. Calculate the remainder when g is divided by 14.
12
Suppose 5*d - 20 = -2*z, -5*d + 4*z - 5 = 5. Suppose 5*u - d*x = 790, -4*u = 2*x - 372 - 278. Calculate the remainder when 55 is divided by u/12 + 2/3.
13
Suppose -2*t = -0*t - 2*p - 8, 2*t - 5*p = 11. Suppose 0 = -3*i + 3*u + 48, 29 = i + 4*u + t. Let a = 6 + 47. What is the remainder when a is divided by i?
17
Suppose -6*z + 176 = -94. Calculate the remainder when 132 is divided by z.
42
Let a be (50/(-15))/((-4)/18). Suppose -2*j = -19 - a. Calculate the remainder when j is divided by 16.
1
Let b be (-2)/11 + (-1908)/33. Let m = 78 + b. Calculate the remainder when m is divided by 4.
0
Let q = -1 - -17. Suppose -q*w - 55 = -21*w. Let g = w + -2. Calculate the remainder when 34 is divided by g.
7
Suppose 0 = -38*b + 41*b - 12. Suppose -3*h - 1 = -b*h. Calculate the remainder when h is divided by 1.
0
Suppose 4*n - 400 = 2*f, -4*n + 500 = n + f. Let k = n + -52. Suppose 5*v = 4*d + 81, 85 = 5*v + 2*d - 2. What is the remainder when k is divided by v?
14
Suppose 4*n = -3*l + 77, 2*n + 71 = 3*l - 12. Calculate the remainder when 101 is divided by l.
20
Let a(b) = -15*b**3 - 3*b**2 - b + 1. What is the remainder when 44 is divided by a(-1)?
2
Let k = -8 - -18. Suppose -116*n + 136*n - 1580 = 0. Calculate the remainder when n is divided by k.
9
Let v be 4/(-14) + 90/21. Suppose -v*f = -77 - 87. Suppose 4*i - 3*r - f = 42, 2*i + 3*r = 55. What is the remainder when i is divided by 8?
7
Let o(q) = q**2 - 8*q - 100. Calculate the remainder when 261 is divided by o(15).
1
Suppose 5*q - 144 = 6*m - 8*m, 4 = -2*q. Suppose m = 3*t - 4*h, -3*h = 5*t - 57 - 81. Calculate the remainder when 132 is divided by t.
24
Let d(n) = -2*n - 6. Let o be d(-5). Let u = o + 9. What is the remainder when u is divided by 84/24*(-40)/(-28)?
3
Let s = -349 - -436. Calculate the remainder when 341 is divided by s.
80
Suppose -l + 4*i = i - 82, -3*l - 2*i + 224 = 0. What is the remainder when l is divided by 17?
8
Let s = 24003 + -23962. Let y(k) = -k**3 - 3*k**2 + 8*k + 6. What is the remainder when s is divided by y(-5)?
9
Suppose 0 = -0*u - 2*u, 0 = -m + 3*u + 18. What is the remainder when 59 is divided by m?
5
Let w(d) = -22*d - 145. Suppose -4 = -2*u, -2*u - 5 = -4*m + 203. What is the remainder when m is divided by w(-7)?
8
Let q(z) = z**3 - 13*z**2 + 14*z - 11. Suppose 3*p - 24 = 12. Calculate the remainder when 22 is divided by q(p).
9
Let j = -27 + 62. What is the remainder when j is divided by 14?
7
Suppose g - 27 = 43. Let c = -43 + g. Suppose -4*k = -12, -c = -3*q - 0*q + k. What is the remainder when 18 is divided by q?
8
Suppose 0*t = -4*t - 12, -3*g + 51 = 4*t. Suppose -2*u + 1 = -g. Calculate the remainder when u is divided by 7.
4
Let s(o) = 11*o**2 + 5*o - 6. Let t be s(4). Suppose 0 = -5*u + t - 70. Suppose 4*b = 2*b + u. Calculate the remainder when 45 is divided by b.
9
Let p = 35 + -7. Suppose 3*w = 3*r + 57, -2*w + 3*r + r + p = 0. Suppose 2*n - n = w. Calculate the remainder when n is divided by 9.
6
Let i be (-3)/(-15) - 95/(-25). Suppose i*l + 2 = 6. Calculate the remainder when l is divided by (-1)/(-2)*4/2.
0
Let x(u) = -3*u - 7. Let r be 21/6 + 3/(-2). Let p = 12 + r. Calculate the remainder when p is divided by x(-5).
6
Let g(f) = -f**2 - 10*f - 5. Suppose -16*m + 11*m + 310 = 0. What is the remainder when m is divided by g(-7)?
14
Let q(f) = f**3 + 7*f**2 + 3*f - 7. Let r be q(-7). Let b = 38 - r. Calculate the remainder when b is divided by (-51)/(-3 + (-15)/(-10)).
32
Let h be 46*(-4)/32*16/(-4). Suppose u - 2*y = 19, -7*u = -8*u + 3*y + h. Suppose -2*x = 2*x - 16, -x + 149 = 5*c. What is the remainder when c is divided by u?
7
What is the remainder when -1*3 + 206 + -73 is divided by 4?
2
Let t be ((-8)/(-3))/1*-9. Let g = t + 42. Let f = 95 + -26. What is the remainder when f is divided by g?
15
Let m = -29 + 14. Let g = m - -108. Let v = 20 + g. What is the remainder when v is divided by 38?
37
Suppose 4*s - x = 25, 2*s + x - 1 - 4 = 0. What is the remainder when ((-72)/(-15) + 0)*(-245)/(-98) is divided by s?
2
Suppose -144 = -d - 56. Suppose -13*k + d = -2*k. What is the remainder when 20 is divided by k?
4
Let h = 39 - 5. Let q(b) = b**2 - 20*b + 48. Calculate the remainder when h is divided by q(18).
10
Suppose -a - 2 = 28. Suppose -4*f + 64 = 5*o, 0*o + 3*o = -2*f + 38. Calculate the remainder when o is divided by 13/3 - 20/a.
2
Suppose 4*c - 3*h - 25 = 0, 0 = 3*c - 3*h + 4*h - 9. Suppose 2*d = 5*y + 3*d - 257, -c*y = 2*d - 202. What is the remainder when y is divided by 11?
8
Let z(t) = 10*t - 2. Let w(b) = 20*b - 3. Let f = 6 - 11. Let o(g) = f*z(g) + 3*w(g). What is the remainder when o(3) is divided by 8?
7
Suppose 2 = -2*d + 5*n, 3*d - 2*n + n + 3 = 0. What is the remainder when 94 is divided by 35 + (4 - 3 - -1)/d?
28
Calculate the remainder when (-22876)/(-105) - (-6)/45 is divided by 51.
14
Let c(j) = 5*j**2 - 12*j + 43. Calculate the remainder when 94 is divided by c(3).
42
Suppose -3*k + 4*g = -484, 5*g + 489 + 158 = 4*k. What is the remainder when k is divided by 22?
14
Suppose r = 3*p - 0*p + 1, -5*r - 10 = 0. Let c = -5 + 2. What is the remainder when 12 is divided by p*c/6*10?
2
Suppose -f - 1 = 0, -3*f + 3 = -2*l + 26. Calculate the remainder when ((-124)/(-62))/(1/18) is divided by l.
6
Let s = 20 + -25. Let v = 5 + s. Suppose 5*k = -v*k + 250. Calculate the remainder when k is divided by 26.
24
Let b(q) = 3*q**2 + 16*q + 50. Calculate the remainder when 86 is divided by b(-6).
24
Suppose -k - 4*x = -118, 0 = -9*k + 6*k - 4*x + 314. Calculate the remainder when 194 is divided by k.
96
What is the remainder when 142459/258 + (-2)/12 is divided by 20?
12
Suppose 5*o - 4 - 1 = -5*i, 29 = 5*o - i. Suppose 0 = -4*u - o*b + 62, -3*u + 24 = 2*b - 26. What is the remainder when 71 is divided by u?
17
Suppose 21*a - 39 = 171. Calculate the remainder when 14 is divided by a.
4
Let h = -168 + 210. What is the remainder when h is divided by 11?
9
Suppose -3*c + 45 - 2 = 4*p, 3*p - 12 = 0. Suppose c*a + 3*a - 336 = 0. Calculate the remainder when 45 is divided by a.
17
Let i = 18 - 14. Suppose z - 8 = -3*p, -p - i*p - 3*z = -20. What is the remainder when 18 is divided by (p/(-1))/((-6)/42)?
4
Let g(r) = -r**3 + 3*r**2 - 5*r + 3. Let u be g(3). Let o be (4/3)/((-12)/216). Let h = u - o. Calculate the remainder when 35 is divided by h.
11
Suppose 2*o + 7*o - 126 = 0. What is the remainder when -6*26/(-3)*1 is divided by o?
10
Suppose 3*l + l - 136 = 0. Let z = l + -19. Let u = 56 - 29. What is the remainder when u is divided by z?
12
Suppose -4 - 24 = 5*h - d, 23 = -4*h + d. Let i = h - -37. Calculate the remainder when i is divided by 19.
13
Let k(g) = -16*g - 15. Let j(d) = 8*d - 59. Let f be j(7). What is the remainder when k(f) is divided by 5?
3
Calculate the remainder when 119 is divided by ((-274)/(-18))/1 + 228/(-1026).
14
Let z = 2 - -3. Suppose 3*u + u + 4 = 2*m, 10 = z*m - u. Calculate the remainder when m is divided by 1.
0
Suppose -9*t = -622 - 1340. What is the remainder when t is divided by 75?
68
Suppose q = -3 + 1. Suppose -13*d - 47 - 109 = 0. What is the remainder when q/d + (-238)/(-12) is divided by 7?
6
Let v(i) = -i**3 + i + 74. Let a(j) = j + 15. Let q be a(-11). Suppose m - 3 = q*s, -4*m + 0*s = 3*s - 88. Calculate the remainder when v(0) is divided by m.
17
Suppose